52).
-39
Evaluate 68 - (45 + -20 + 0 + -16 - (17 - 0)).
76
Calculate (18 - (37 + -31)) + -17 - -40.
35
What is the value of 37 + 0 + (25 - (27 + -26)) + -21?
40
(30 + (19 - 31) - (-4 - -13) - 43) + -9
-43
(-72 - (-16 + 17 + 4) - -12) + -2
-67
-6 + 4 - (-13 + (42 - (-20 - -5)) - -6)
-52
What is the value of (2 - 2) + -26 - (-7682 - -7677)?
-21
What is (-16 - -64) + (458 - 633)?
-127
What is the value of (-18 - -8 - (2 - (10 + 29))) + -4?
23
What is -4 + 12 + -26 + (-23 + -8 - -17)?
-32
What is 64 - (122 - 94 - -89)?
-53
Calculate 39 - 44 - (-31 + 1) - (-17 + 10).
32
What is the value of -7 - (-49 - (-103 - -68) - (0 + -28 + 0))?
-21
Calculate -39 + 3 - (-443 - -447).
-40
Calculate -6 + (7 - (-7 - 0 - (-34 - 7 - -36))).
3
Evaluate 4 + 14 - (-29 - (-5 - 18)).
24
What is (3 - 5 - -7) + 111 + -126 - (-21 + -3)?
14
What is 64 + -1 - (-9 + 25 + (-24 - (20 + -34)))?
57
What is 91 + -171 + 143 + 0 + (7 - 1)?
69
What is the value of 12 + 66 + -15 + (-8 - -14 - 20)?
49
What is (-7 + 1 + -7 - -37) + 6 + -13?
17
Evaluate 49 + (40 + -53 - 6).
30
What is the value of (-3296 - -3279) + -2 + -2 + 12?
-9
What is -42 - (-2 + (26 - (-32 + 74)))?
-24
(3 + 129 - -1) + -123
10
What is (-20 + -7 - (0 - 29)) + (-37 - 0)?
-35
-38 + (-46 + 72 - -8) + 128
124
(47 - (7 + 63)) + -4 + 31
4
Calculate -2 - -1 - (-3 + (-17 + 28 - 51)).
42
(-2 - -4 - 44) + (26 - 48) + 14 + 2
-48
Evaluate -120 + (7 - (-5 + 25 + (-7 - -10))).
-136
Evaluate 54 - (-69 + 68 + 53).
2
Calculate (31 - (21 - -7) - -98) + -32.
69
53 - (16 - 28 - -19)
46
-8 + (1 - 36) + -80 + 76 + 13 + 0
-34
Evaluate -3 + 1 + (-81 - (78 + -83)).
-78
What is the value of -14 - (-3 - 7 - -77)?
-81
0 + 29 + (119 - -104) + -160
92
Calculate 40 + -73 - (-82 + 21).
28
What is the value of -671 + 612 + -3 + 12?
-50
What is -142 + (-59 - -128) + (3 - (0 - 2))?
-68
Calculate (31 - 21) + (5 - 9) + 4 - 5.
5
What is the value of 2 - (-1 - -158) - (-94 - (-175 + 88))?
-148
Calculate 27 + (-1 - 8 - (-601 + 613)) + 0 + 107.
113
What is the value of (11 + 6 - 38) + -7 + 41?
13
Calculate -3 + 1 + 1 + 12 - (-111 - -73).
49
Calculate 20 + 3 - (7 - ((13 + -16 - 12) + 25)).
26
620 + -278 + -263 + (-4 - (1 + (0 - 3)))
77
Evaluate -2 + 6 - -11 - (-67 + 71).
11
What is -155 + 155 + (5 - (-1 - -3) - 10)?
-7
43 + (11 - 40) - -42 - -29
85
Calculate (51 + -16 - 56) + 2 + -3.
-22
(83 - -41) + -112 + 31
43
Calculate -79 - (-90 - -2 - 48).
57
Calculate -449 + 424 - (-2 + 1).
-24
What is (100 - 12) + -7 + -3 + (-7 - -14) + 5?
90
Evaluate -9 + (2 - 8) + (-25 - (7 + -35)).
-12
Calculate 13913 + -13908 - (-2 - (-3 - (0 - (3 + 97)))).
104
68 + (24 - (-52 + 117))
27
(-3 - (0 + -1)) + (-55096 - -55062)
-36
What is -2 + 83 + -49 - -14?
46
Calculate -16 - (-79 - (-25 + 19 + -10)).
47
Evaluate (11 - 5 - 16) + 32 - -8.
30
What is 11 + 0 + (-25 - (-34 - (0 - 21)))?
-1
What is -50 - -14 - (-6 + 1 + -19 + 24)?
-36
What is the value of 11 - (4 + 7 + -24 - -23) - -26?
27
What is the value of -70 - -36 - (6 + -24 + 5 - -7)?
-28
What is the value of 38 - (41 + 13 + -6)?
-10
What is the value of (6 - (3 + -6)) + 163 + -181 - -43?
34
158 + (-9 + 0 + -7 - 27)
115
(-16 - 2) + (130 - 41 - -2) + -48
25
Evaluate -41 - ((-1 - -11) + -32 + 29 - 8).
-40
Calculate 87 + -85 + (4 + (1 - -19) - 0).
26
Calculate -16 + (3 - 2) + (41 - 29) + (2 - 50).
-51
-12 + (19 - -23) - 21
9
-324 + 300 + 33 + 0
9
Calculate 12 - (-6 + 8 + -1 + 7) - -33.
37
Evaluate 21 + (-66 - -166 - (1 + 29)).
91
(1 - (-9 + 10 + 2)) + (-60 - -55)
-7
Evaluate -4 + 1 - 37 - (-2 - 6 - (-58 + 40)).
-50
What is (-101 - 32) + 102 + -57?
-88
Calculate -1 - (5 + 1) - (-83 + -9 + (-11 - -77)).
19
-758 + 673 - (3 + (-1 - (0 - 0))) - -12
-75
Evaluate 429 - 417 - (2 - 0 - (-9 - -2)).
3
Evaluate -9 + 9 + 13 - -78 - (18 - (2 - -3)).
78
15 + (18 - -5) + -30
8
What is 0 + 13 - ((-3 - -18) + (-8 - -18) + -22)?
10
What is 98 - (124 - 27) - 84?
-83
What is the value of 126196 + -126215 + (-1 + 0 - (-1 + -122))?
103
What is 5 + (-4 - 4) + 1 - (-116 - -13 - -14)?
87
What is 11 + (10 - (8 - 0) - 8 - -6) - -7?
18
What is the value of -10 + 3 - (33 - (2 - 11) - -7 - 7)?
-49
What is the value of (30 + (-23 - -10) - 25) + -6 - 7?
-21
Calculate 7 - (5 + (0 - (2 - -3)) + (1 - -58)).
-52
-139 + 126 - -30 - 54
-37
What is (-330 - -348) + (-1 - 0) + -4 - 20?
-7
What is (6 - 2) + (-228 - -234) - (-11 - -118)?
-97
What is the value of 152 + -140 + -7 + 27 + -2?
30
What is the value of -2 - 11 - (-48 - -127 - 66)?
-26
-36 + 60 - (-49 - (4 + -34))
43
Calculate 45 - (-1416 + 1390 + (1 - 31)).
101
(-3 - -68) + -128 + 32
-31
Evaluate -49 - (5 - (-10 + 20)).
-44
Calculate -2 + (3 - 0 - 10) + (-60 - (-4 - -4)).
-69
What is 3 + (63 - (7 - ((7 - 17) + 6)))?
55
17 - (49 + 2 + 30 + -15)
-49
Evaluate 24 + -1 + (3 - 21) + (15 - 4).
16
-36 - (-111 + 22 - -51)
2
What is the value of 9 + 12 + (12 - 27) + -48?
-42
Evaluate 2433 - 2381 - (1 + 18).
33
Evaluate 193 + -231 + (52 - 2) + -46.
-34
Calculate -1 + 58 - (-5 - (17 - 20 - (0 - -8))).
51
What is (0 - (4 + (7 - (-1 + 4)))) + -336 + 337?
-7
24 - 27 - (37 + 6 + -18)
-28
What is 24 - (-8 - -42 - 50) - (-12 + -3)?
55
1 + -23 + -1 + -51 + 32 + -3 + 31
-14
Calculate 23 - (17 - (11 + (12 - 6 - 15))).
8
What is (2 - -4) + (45 - 40 - -15)?
26
What is the value of -6 + (76 - 24) + -34?
12
Calculate 0 - (9 + (-44 - -29)) - 18.
-12
46 + 117 + (7 - 85)
85
What is the value of (24 - -4 - 9) + (86 - 83)?
22
Evaluate ((-1 - -12) + -16 - -11) + 36.
42
47 + -25 - (2 + 49)
-29
Calculate -78 + (-76 + 131 - -2).
-21
Calculate (-26 - -57) + (6 - (7 - 6)) - 8.
28
Calculate -31 - (-17 + 35 + -94).
45
Calculate (-177 - (-59 - -19)) + 64.
-73
Evaluate (-77 - -58) + -43 - -44.
-18
What is the value of 58 - 13 - (20 + -4)?
29
Evaluate 7 + 12 + 39 + -19 - -4.
43
What is the value of (-26 - (6 + -2)) + (32 - (3 - -9) - 8)?
-18
Evaluate (60 - -2 - 61) + 8.
9
What is the value of 50 + 3 + (-24 + 21 - ((-10 - -1) + -1))?
60
(-3377 - -3412) + -57 + 0
-22
Calculate -40 + 85 + -28 - (1 - 62).
78
(-14 + 23 + 5 - 66) + 5 + 18
-29
Calculate -25 - (-33 + -1) - (-4 - -23).
-10
What is the value of -11 - -3 - 15 - (318 - 200)?
-141
(8 - ((1 - -2) + -3)) + -750 + 716
-26
What is -81 + 1 + (138 + -305 - -174)?
-73
Calculate -148 + 231 - (32 + 5 + -3).
49
Evaluate 92 - 205 - (-26 + -51).
-36
What is the value of (0 - -5) + -8 + (6 - (-43 + -10))?
56
Evaluate -25 + -45 + 46 - -40 - (-39 + 1).
54
Evaluate -20 + 1 + 68 + 92 + -156.
-15
(32 - -8 - (-9 + 0 + 5)) + 1
45
Evaluate (97 + -45 - 13) + -7.
32
What is the value of (464 - 234) + 12 + -130?
112
What is the value of -8 - 0 - (10 + (11 - (-3 - 17) - -7))?
-56
What is the value of -14 + 72 + 4 + (-26 + 19 - 1)?
54
What is the value of -98 + 92 + (9 - (26 + 0))?
-23
Calculate -67 - (-162 + 158 + (-4 - -9)).
-68
What is the value of 12 + (-60 - 24) - -20 - 23?
-75
Evaluate 129 - (113 + 1) - -45.
60
What is (13 - (9 - -10) - (-3 + 0)) + (19 - 8)?
8
What is -42 - ((-12 - 8) + -13)?
-9
Evaluate 34 - (-88 + 41 + 93).
-12
What is the value of (2 - 18) + (729 - 626)?
87
What is the value of (26 - 8) + (-29 - -32) - -4 - (-1 - 1)?
27
Evaluate 57 - (15 + (12 + -27 - (9 - 13))) - -7.
60
What is 12 + -55 + 10 + 18 + 44 + 1?
30
-10 - (27 + -31 - 15)
9
What is (-73 - 1) + -59 + (65 - -3) + 14?
-51
Evaluate 89 + -249 + 52 + 24.
-84
-86 - (104 + -160) - (4 + -47)
13
Calculate -52 + (236 - 180) - (-1 + 0 + -47).
52
39 + (-17 + 1 + 8 - (0 - 10)) + -8
33
Calculate (128 - 155) + 121 - 58.
36
What is 40 + 22 + -9 + 0 + -3 + -14?
36
Calculate (48 - 95) + 31 + -54.
-70
53 - ((4 - (-87 + 82 + (1 - 7))) + -10)
48
Evaluate 13 + (70 - (22 - (-7 - -23 - -7))).
84
What is -1 + 29 + (11 - 5) + 32?
66
Calculate 32 + (43 + -140 - -30).
-35
Calculate 14 + 1 + (-98 - -170) + -96.
-9
What is the value of -125 + 140 - (8 - (-5 + -22))?
-20
What is the value of 55 + (-17 - (-23 - -10 - (4 + -4)))?
51
Calculate (26 - 20) + -14 + 1 - (0 + 28).
-35
Evaluate 60 + (-108 + 172 - 37).
87
What is -36 + -5 + -9 - -74?
24
What is the value of (3 - 1) + -21 + (-74 - -55 - -93)?
55
What is the value of (121 + -114 - (3 - -26)) + 0 + 0?
-22
What is -11 + (-9 + 13 - 19) + (-56 - 0) + 4?
-78
What is the value of -10 + 17 + -170 + 12 + (8 - -5)?
-138
1 + -1 + (69 - (59 + 27))
-17
What is the value of 85 - (-5 + (-20 - 0 - (-7 + -10)))?
93
Evaluate 1 + -1